 + 708 = v*d. What are the prime factors of d?
2, 3, 59
Let u be ((-4)/(-6))/((-8)/(-132)). Let l(x) = 33 + 105 - 8 + u*x + 38. List the prime factors of l(0).
2, 3, 7
Suppose u - 76669 = -5*q, 5*u = 4*q - 4866 - 56446. List the prime factors of q.
3, 19, 269
What are the prime factors of (0 - 32/(-6))/((-23)/(-25392))?
2, 23
Let a = 506 + -237. Suppose 4*k + 0*w - 2*w - 3512 = 0, -5*k + 2*w = -4391. Suppose 0 = 5*t - k + a. What are the prime factors of t?
2, 61
Suppose -2*r + 70 = -878. Suppose -69*v - r = -70*v. List the prime factors of v.
2, 3, 79
Suppose 5*n + 35 = 4*s - 6, 0 = 2*n + 2*s + 20. Let x = n + 151. What are the prime factors of x?
2, 71
List the prime factors of (119484/(-126))/(10/(-630)).
2, 3, 3319
Let i = 23481 + 1231. What are the prime factors of i?
2, 3089
List the prime factors of (-3 + 150801)*(-4)/(-18) - (-725)/2175.
23, 31, 47
Suppose -2 = -c, 13*s + 15 = 18*s - 5*c. Suppose m - 2743 = -3*o - m, -4571 = -s*o - 3*m. What are the prime factors of o?
11, 83
Let z = 440 - 438. Suppose -i = -3*d + 369, z*d - 232 = 7*i - 11*i. What are the prime factors of d?
2, 61
Let x(m) = -32*m**3 + 8*m**2 - 8*m + 8. Let y be x(-6). Suppose 12*j - y = 2668. What are the prime factors of j?
827
Let f(t) = 13*t + 115. Let k be f(-9). What are the prime factors of k + 4 + 2 - -803?
3, 269
Suppose 9*f = 14*f - 15. Suppose -f*x + 2854 = -2*g, -2*g + g = 3*x - 2857. List the prime factors of x.
2, 7, 17
Let l = -23 + 24. Let x(w) = -l - w**2 + 3 + 6*w - 22*w. List the prime factors of x(-11).
3, 19
Let v(x) = -21*x. Suppose 0 = a - 5, -2*a = 4*c - 6*c + 6. Suppose 24 = c*b - 14*b. List the prime factors of v(b).
2, 3, 7
What are the prime factors of ((1/7)/1*67)/(316/2212)?
67
Let u = 42 + 8. What are the prime factors of (-390)/(-90)*(u - -1)?
13, 17
Let j = 20 + -20. Suppose j = -w + 2*w - 4*c + 1, -7 = -w - 4*c. Suppose 2*u + 2*k - 73 = u, -w*k - 270 = -4*u. List the prime factors of u.
3, 23
Let l be (-1)/(4/(-3418))*(2 + 0). Suppose -5*v - 229 = -l. List the prime factors of v.
2, 37
Let h be ((-652)/(-6))/((2 - 0)/6). Suppose 3*b = 3*m - 2*b - h, -4*b + 232 = 2*m. List the prime factors of m.
2, 7
Suppose -14 = -6*t - t. Suppose 3*s - 4*v = 976, t*s = -7*v + 9*v + 650. What are the prime factors of s?
2, 3
Let g(j) = -7*j**2 + 12 + j + 0*j**3 + 15*j**3 - 16*j**3. Let r be g(-7). Suppose 2*a - r*a = -138. What are the prime factors of a?
2, 23
Suppose -21139 = -3*l - 2*o, 3*l + 5*o - 7029 = 2*l. Suppose 7*c - 378 - l = 0. What are the prime factors of c?
1061
Suppose 15*i - 27867 = -3882. Suppose -i - 1749 = -6*l. List the prime factors of l.
2, 3, 31
Let s be (-2)/(-5) + ((-39024)/(-40))/(-9). Let z = 225 + s. What are the prime factors of z?
3, 13
Let m(p) = -40*p**3 - 5*p - 17. Let t be m(-4). Suppose -t = -25*h + 7987. List the prime factors of h.
2, 211
Suppose -44208 = 23*m - 204104. What are the prime factors of m?
2, 11, 79
Let y be -4 - (-1 - 2 - 5). Let n be (260/(-5))/(5/((-430)/y)). Suppose 8*a = 386 + n. List the prime factors of a.
2, 47
Let k = -182 - -315. Suppose 2*s = 6, 264 = 4*v + 3*s - k. What are the prime factors of v?
97
Let i = -9234 + 26928. What are the prime factors of i?
2, 3, 983
Suppose 29*f = -i + 33*f - 14, i - 21 = -3*f. What are the prime factors of ((-15785)/33)/((-2)/i)?
5, 7, 41
Suppose 215234 = 14*g + 75682. What are the prime factors of g?
2, 7, 89
Let a = 53 - 117. Let w = a - -68. Suppose 4*n = -w*x + 692, -3*x + 5*n = -577 + 42. What are the prime factors of x?
5, 7
Let p = -21625 + 21788. List the prime factors of p.
163
Let l = 177522 - 105516. What are the prime factors of l?
2, 3, 11, 1091
Let k be (12/8)/(-4*6/(-1088)). Let r be 3/(-2)*12/(-9). Suppose z = -o + 23 + r, 0 = 3*z - 4*o - k. What are the prime factors of z?
2, 3
Let i = -31366 + 47078. List the prime factors of i.
2, 491
Let n(y) = 379*y - 127. List the prime factors of n(15).
2, 7, 397
Let f(n) = 338*n - 2356. What are the prime factors of f(43)?
2, 6089
Let s be (-1)/(6/4*(-2)/(-3)). Let x be s*(5 + -248) + -5. Suppose p - 5*v - x = -v, 0 = -v. List the prime factors of p.
2, 7, 17
Suppose -2*t = -5*g - 7092, -132*g - 14236 = -4*t - 135*g. List the prime factors of t.
2, 7, 127
Let m(p) = 34*p + 1149. List the prime factors of m(73).
3631
Suppose 16*x + 244 - 4 = 0. List the prime factors of (-73)/(-6)*-2*225/x.
5, 73
Let n be (-1 - -790) + (-16 - -17). Let d = 1136 - n. What are the prime factors of d?
2, 173
Let s = 13852 - 3728. What are the prime factors of s?
2, 2531
Suppose -16*a + 87674 + 124733 = -16633. What are the prime factors of a?
5, 7, 409
Let k(l) = -5*l**3 - 10*l**2 + 8. Let b = 101 + -105. List the prime factors of k(b).
2, 3, 7
Let s = -55 + 41. Let p(j) = 5*j - 15. Let l(m) = 4*m - 14. Let d(c) = 6*l(c) - 5*p(c). List the prime factors of d(s).
5
Suppose 0 = 2*g - 4*c + 12, -3*g + 3*c + 0*c - 15 = 0. Let f(u) = 19*u**2 + 10*u - 2. Let s be f(g). What are the prime factors of s*(5 - 45/10)?
131
Let j = -1 - -65. Let d = j - 127. What are the prime factors of 168/d*33/(-4)?
2, 11
Let i(r) = -r**2 + 14*r - 5. Let v be i(9). Let d = v - 40. Suppose d = 6*t - 4*t - 184. List the prime factors of t.
2, 23
Suppose -208*m + 212*m = -20, -5*m - 2287 = -2*g. List the prime factors of g.
3, 13, 29
Let m(x) = 13*x**3 - x**2 + 3*x - 4. Let b be m(2). Let l = b - -718. Suppose -202*h = -197*h - l. List the prime factors of h.
2, 41
Let k = -12114 + 18904. What are the prime factors of k?
2, 5, 7, 97
Let x(i) = 10*i**2 + 32*i + 19. Let u be x(-13). Suppose t - u = 23*k - 26*k, 3*t + 2*k = 3914. What are the prime factors of t?
2, 3, 109
Let n(w) = 1030*w - 2496. What are the prime factors of n(9)?
2, 3, 1129
Let y be -4*(6/8)/((-39)/65). Let b(o) be the third derivative of 5*o**4/24 - o**3/2 + o**2. List the prime factors of b(y).
2, 11
Suppose 9*v - 105 + 69 = 0. Suppose -q + 2 = -1, -b - v*q = -295. What are the prime factors of b?
283
Let a(i) = 13*i**2 - 487*i + 114. List the prime factors of a(55).
2, 3, 19, 37
Suppose -2625*r = -2632*r + 1624. What are the prime factors of r?
2, 29
Let r(p) = p**3 + 8*p**2 + 6*p - 17. Let q be r(-7). Let w(f) = 4*f**2 + 12*f + 70. List the prime factors of w(q).
2, 5, 7
Let k(v) be the third derivative of -5*v**4/6 - 7*v**3/6 + 1870*v**2. Suppose -x = 2 - 0. What are the prime factors of k(x)?
3, 11
Let z(o) = -o + 9. Suppose 5*b - 16 = -3*s + 10, -4*s + 4 = -b. Let d be z(b). List the prime factors of (782/(-85))/(-1 - (-3)/d).
23
Let r = -17363 + 72294. List the prime factors of r.
163, 337
Let g = 463 + -183. Let y = g - 176. Suppose -3*u = -0*u - 5*c - y, -4*u + 128 = -4*c. What are the prime factors of u?
2, 7
Suppose 0 = -0*p + 4*p + 4*y - 8, -2*p - 3*y + 1 = 0. What are the prime factors of 3298/p + -9*12/(-270)?
2, 3, 5, 11
Let f(r) = 0*r + 4*r - 18 + 0*r**2 + 3*r**2 - 2*r. List the prime factors of f(-7).
5, 23
Let d = 42 + -39. Let p(b) = -8*b**3 + 6*b**2 + 3*b**d - 9 - 2*b + 6*b**3. List the prime factors of p(-6).
3
Let r(z) be the third derivative of z**6/30 - z**5/10 + z**3/6 - z**2 - 6. What are the prime factors of r(5)?
3, 13
Let y be 6/8*(11 - 7) - -2. Suppose -a - u = 4*a - y, -u = -2*a + 9. Suppose a*s + 2*s + 3*d = 27, -31 = -5*s - d. What are the prime factors of s?
2, 3
Suppose -4093 = -8*s - 797. Let d = 531 - s. What are the prime factors of d?
7, 17
Suppose -3*m = -11 - 1. Suppose m = -o + 8. Suppose 5*c - j = -0*j + 608, -487 = -o*c + j. List the prime factors of c.
11
Let j(r) = 2*r**2 + 13*r - 5. Let k be j(-7). Suppose -2*t - d - k = 3*t, 2*t = 3*d + 6. Suppose t = -z, 5*z = -2*q + q + 75. List the prime factors of q.
3, 5
Let p(n) = 3*n**2 + 60*n - 130. Suppose 19*c - 2*c = -442. List the prime factors of p(c).
2, 13
Suppose 107384 = 5*p - 3*s, -5*s - 42946 = -3*p + p. What are the prime factors of p?
2, 10739
Let p be (-3)/2 + (215/2)/5. Suppose 0 = 7*d - p - 8. Suppose -5*g + 21 = -d*f + 65, 76 = 4*f + 3*g. List the prime factors of f.
2
Let a(b) be the first derivative of -21*b**2/2 - 4*b + 5167. Let c = 12 + -21. List the prime factors of a(c).
5, 37
Let u be (-3720)/(-11) - -1 - (-30)/(-165). Suppose l - 3*g - 391 = u, 4*l - 2962 = -2*g. What are the prime factors of l?
739
Let c(j) = -j**3 - j**2 + 11*j + 6. Let w be c(-4). Suppose 17*a